2
1110101101
11100011000 (base 2) to base 5
24231
Convert 135335 (base 7) to base 4.
12110222
What is 1330 (base 9) in base 3?
1101000
Convert -210011212 (base 3) to base 11.
-10667
Convert -322 (base 11) to base 7.
-1062
-fba (base 16) to base 9
-5463
Convert 11100010110 (base 2) to base 11.
13aa
What is -65d5 (base 15) in base 6?
-243515
Convert 136 (base 12) to base 16.
ba
What is 165 (base 16) in base 9?
436
Convert 623f (base 16) to base 11.
17995
What is 98b (base 12) in base 6?
10255
1857 (base 11) to base 9
3213
Convert 530414 (base 6) to base 9.
64781
20202131 (base 4) to base 5
2104343
Convert -2b6 (base 13) to base 7.
-1264
What is -51 (base 14) in base 8?
-107
What is 10000111 (base 2) in base 3?
12000
What is -ae64 (base 15) in base 11?
-25881
What is -6712 (base 8) in base 12?
-2062
-251 (base 13) to base 5
-3104
Convert -2709 (base 10) to base 9.
-3640
What is -5557 (base 11) in base 2?
-1110010011010
What is -18d7 (base 15) in base 6?
-40521
-1610 (base 8) to base 12
-634
What is -296 (base 14) in base 8?
-1014
What is 1c8 (base 15) in base 11?
346
100000 (base 3) to base 6
1043
What is 435 (base 11) in base 16?
20a
-1507 (base 15) to base 13
-2089
Convert 1231113 (base 4) to base 3.
100121020
What is -32c6 (base 15) in base 12?
-6289
What is 2d5 (base 14) in base 8?
1103
39 (base 16) to base 13
45
-101000010 (base 2) to base 16
-142
Convert -6205 (base 7) to base 13.
-ca3
122ac (base 14) to base 5
2410243
434 (base 9) to base 12
257
2122 (base 6) to base 13
2b1
Convert -57288 (base 9) to base 12.
-1a0b2
157a (base 12) to base 7
10261
-18b0 (base 13) to base 11
-2857
Convert -3424 (base 9) to base 4.
-213211
What is -863 (base 14) in base 12?
-b5b
What is -64620 (base 8) in base 7?
-141534
15573 (base 8) to base 5
211120
What is -1133331 (base 4) in base 16?
-17fd
What is 574 (base 16) in base 5?
21041
-2130030 (base 4) to base 12
-5950
110101111 (base 2) to base 8
657
What is 2221022 (base 3) in base 12?
12a5
What is 13114 (base 5) in base 6?
4442
Convert 568 (base 9) to base 10.
467
13000302 (base 4) to base 3
1110101210
What is 10220 (base 4) in base 10?
296
What is -6000 (base 7) in base 10?
-2058
What is 1368 (base 11) in base 16?
6e8
What is 3b4 (base 15) in base 8?
1514
-7008 (base 12) to base 4
-2331020
-10012203 (base 5) to base 16
-134cd
Convert -305 (base 15) to base 16.
-2a8
-2253 (base 9) to base 11
-1287
Convert -1821 (base 9) to base 11.
-105a
Convert -22011 (base 6) to base 9.
-4137
-10311 (base 4) to base 5
-2214
-3822 (base 13) to base 15
-2566
406 (base 12) to base 5
4312
-19758 (base 10) to base 6
-231250
63460 (base 7) to base 5
1000143
-1313 (base 6) to base 8
-515
What is -212100 (base 4) in base 3?
-10100200
-94a2 (base 14) to base 13
-b87c
What is 20445 (base 6) in base 12?
1725
Convert -2a4 (base 13) to base 10.
-472
What is -421 (base 11) in base 12?
-363
What is -1415055 (base 6) in base 2?
-10011100100101011
2101100110 (base 3) to base 15
dd76
Convert -706 (base 8) to base 16.
-1c6
Convert 4473 (base 11) to base 15.
1b28
23000 (base 4) to base 14
384
-1506 (base 8) to base 3
-1011001
-1521 (base 7) to base 5
-4403
What is 33122 (base 4) in base 8?
1732
Convert -9a3a (base 11) to base 7.
-53402
What is 172 (base 10) in base 7?
334
What is 265 (base 11) in base 13?
1b1
What is -1231 (base 8) in base 5?
-10130
-28085 (base 11) to base 2
-1001110001010111
What is -10002002 (base 3) in base 4?
-203003
657 (base 12) to base 4
32203
Convert b8ad (base 15) to base 5.
2222323
Convert 330 (base 15) to base 7.
2046
What is 5250 (base 10) in base 4?
1102002
Convert 2829 (base 16) to base 4.
2200221
3067 (base 8) to base 11
1217
Convert 28487 (base 9) to base 12.
b251
3065 (base 7) to base 6
4552
What is 11234 (base 6) in base 5?
22411
What is 1324 (base 7) in base 10?
508
Convert 127 (base 15) to base 5.
2022
-79 (base 16) to base 2
-1111001
520 (base 8) to base 15
176
What is -11413 (base 5) in base 14?
-454
Convert -1312 (base 10) to base 6.
-10024
-19561 (base 11) to base 12
-13964
-1100242 (base 6) to base 8
-152402
What is -3371 (base 8) in base 10?
-1785
What is 101010000001011 (base 2) in base 13?
9a40
30893 (base 11) to base 9
67642
What is 123504 (base 7) in base 14?
84ab
Convert a39 (base 12) to base 3.
2001000
201440 (base 6) to base 14
5b44
Convert -4a7a (base 12) to base 16.
-20fe
10376 (base 9) to base 16
1ad9
What is 123144 (base 5) in base 10?
4799
-450 (base 15) to base 5
-12400
-212010010 (base 3) to base 10
-16851
What is 27206 (base 10) in base 2?
110101001000110
-7653 (base 9) to base 16
-1605
-10323010 (base 4) to base 12
-b804
What is -387 (base 13) in base 3?
-211220
Convert -2304 (base 5) to base 15.
-16e
What is 5226 (base 8) in base 5?
41320
What is 65 (base 14) in base 3?
10022
13037 (base 11) to base 12
a982
-524 (base 9) to base 7
-1150
Convert -1411 (base 5) to base 11.
-1a0
What is -1043230 (base 5) in base 8?
-44205
Convert 312103 (base 4) to base 14.
13a3
Convert 1331030 (base 5) to base 14.
9bb9
What is a95 (base 11) in base 2?
10100100010
Convert -404d (base 15) to base 11.
-a21a
Convert -2ba (base 16) to base 4.
-22322
Convert -10225 (base 9) to base 6.
-51122
Convert 79600 (base 10) to base 12.
3a094
331000 (base 5) to base 12
66bb
What is -11405 (base 9) in base 5?
-220434
What is 11101101 (base 2) in base 3?
22210
Convert 13515 (base 8) to base 2.
1011101001101
What is 204256 (base 7) in base 5?
2111000
Convert 31642 (base 7) to base 9.
11714
138 (base 12) to base 16
bc
What is 491 (base 15) in base 9?
1371
What is 185 (base 12) in base 7?
500
What is -17086 (base 12) in base 8?
-100246
-240243 (base 5) to base 2
-10001001110111
What is -13003003 (base 4) in base 15?
-8847
Convert 2504 (base 6) to base 8.
1150
What is 5014 (base 6) in base 4?
101002
Convert -2206 (base 8) to base 5.
-14113
What is -222003 (base 5) in base 11?
-5909
-3b5 (base 16) to base 14
-4bb
-15 (base 16) to base 10
-21
Convert 27606 (base 10) to base 11.
19817
Convert 10b6 (base 13) to base 10.
2346
-2616 (base 11) to base 3
-11200010
12301 (base 6) to base 7
5233
What is 110110101100 (base 2) in base 9?
4718
Convert 1310 (base 15) to base 7.
14565
Convert -656c (base 13) to base 6.
-145205
What is -82e (base 16) in base 12?
-1266
What is -12132 (base 5) in base 6?
-4125
Convert -1100010101 (base 2) to base 16.
-315
63a (base 11) to base 2
1100000001
What is 12300 (base 4) in base 5?
3212
607 (base 9) to base 5
3433
db (base 15) to base 3
21122
What is -2140 (base 7) in base 12?
-537
-3134 (base 5) to base 11
-351
-30032 (base 4) to base 9
-1058
39238 (base 10) to base 2
1001100101000110
What is 101011010 (base 2) in base 11?
295
Convert -137c7 (base 15) to base 10.
-62512
What is 1a2 (base 15) in base 2?
101111001
What is 249 (base 11) in base 6?
1211
12113 (base 4) to base 6
1515
What is 142122 (base 5) in base 6?
43212
What is 496 (base 11) in base 9?
724
-122 (base 14) to base 2
-11100010
Convert 68187 (base 9) to base 12.
222ba
What is 141125 (base 7) in base 15?
7e32
What is -6024 (base 9) in base 10?
-4396
Convert -4143 (base 5) to base 11.
-459
-320 (base 13) to base 7
-1361
-10110101010 (base 3) to base 8
-204746
Convert -25150 (base 9) to base 6.
-210113
Convert e7b3 (base 15) to base 7.
262560
What is 13005 (base 7) in base 4?
311223
What is -114 (base 16) in base 10?
-276
What is -1d48 (base 15) in base 16?
-18e0
What is 413303 (base 5) in base 6?
142510
What is 11120200 (base 3) in base 2?
110100001011
Convert -103010 (base 5) to base 9.
-4724
10342 (base 10) to base 13
4927
-23423 (base 8) to base 13
-4726
What is -252054 (base 6) in base 8?
-53742
What is -221 (base 8) in base 4?
-2101
What is -110102202 (base 3) in base 2?
-10001101101001
What is -130204 (base 5) in base 4?
-1032332
6ab (base 14) to base 6
10051
-102ca (base 15) to base 2
-1100100001000001
What is -a8c (base 14) in base 9?
-2765
Convert -f08 (base 16) to base 9.
-5245
Convert -30013 (base 6) to base 3.
-12100100
Convert -540 (base 9) to base 5.
-3231
11001010011 (base 2) to base 11
1242
-24642 (base 7) to base 16
-1962
-316 (base 8) to base 2
-11001110
What is -1100010010010111 (base 2) in base 5?
-3102302
13110 (base 4) to base 9
570
Convert 1717 (base 11) to base 10.
2196
What is 100202201 (base 3) in base 16?
